{"id":32,"date":"2018-09-03T23:13:57","date_gmt":"2018-09-03T21:13:57","guid":{"rendered":"http:\/\/jrcravully.ch\/?page_id=32"},"modified":"2025-03-14T15:20:00","modified_gmt":"2025-03-14T14:20:00","slug":"association-2","status":"publish","type":"page","link":"https:\/\/jrcravully.ch\/association-2\/","title":{"rendered":"Association"},"content":{"rendered":"<p>[gkelmt_built_section fb_built=\u00a0\u00bb1&Prime; fullwidth=\u00a0\u00bbon\u00a0\u00bb _built_version=\u00a0\u00bb4.16&Prime; use_background_color_gradient=\u00a0\u00bbon\u00a0\u00bb background_color_gradient_stops=\u00a0\u00bb#2b87da 0%|#00ffe5 100%\u00a0\u00bb background_color_gradient_end=\u00a0\u00bb#00ffe5&Prime; background_enable_image=\u00a0\u00bboff\u00a0\u00bb custom_padding=\u00a0\u00bb0|0px|0|0px|false|false\u00a0\u00bb background_color_gradient_stops_tablet=\u00a0\u00bb#2b87da 0%|#00ffe5 100%\u00a0\u00bb background_color_gradient_stops_phone=\u00a0\u00bb#2b87da 0%|#00ffe5 100%\u00a0\u00bb global_module=\u00a0\u00bb116&Prime; global_colors_info=\u00a0\u00bb{}\u00a0\u00bb][gkelmt_built_fullwidth_header title=\u00a0\u00bbASSOCIATION\u00a0\u00bb _built_version=\u00a0\u00bb4.16&Prime; title_font=\u00a0\u00bbmoon flower bold||||||||\u00a0\u00bb title_text_align=\u00a0\u00bbcenter\u00a0\u00bb title_font_size=\u00a0\u00bb100px\u00a0\u00bb title_line_height=\u00a0\u00bb0em\u00a0\u00bb content_font=\u00a0\u00bb||on||||||\u00a0\u00bb use_background_color_gradient=\u00a0\u00bbon\u00a0\u00bb background_color_gradient_type=\u00a0\u00bbcircular\u00a0\u00bb background_color_gradient_direction_radial=\u00a0\u00bbtop left\u00a0\u00bb background_color_gradient_stops=\u00a0\u00bb#2b87da 0%|#30e8d5 100%\u00a0\u00bb background_color_gradient_end=\u00a0\u00bb#30e8d5&Prime; title_font_size_tablet=\u00a0\u00bb50px\u00a0\u00bb title_font_size_phone=\u00a0\u00bb30px\u00a0\u00bb title_font_size_last_edited=\u00a0\u00bbon|phone\u00a0\u00bb title_text_shadow_style=\u00a0\u00bbpreset1&Prime; global_colors_info=\u00a0\u00bb{}\u00a0\u00bb button_one_text_size__hover_enabled=\u00a0\u00bboff\u00a0\u00bb button_two_text_size__hover_enabled=\u00a0\u00bboff\u00a0\u00bb button_one_text_color__hover_enabled=\u00a0\u00bboff\u00a0\u00bb button_two_text_color__hover_enabled=\u00a0\u00bboff\u00a0\u00bb button_one_border_width__hover_enabled=\u00a0\u00bboff\u00a0\u00bb button_two_border_width__hover_enabled=\u00a0\u00bboff\u00a0\u00bb button_one_border_color__hover_enabled=\u00a0\u00bboff\u00a0\u00bb button_two_border_color__hover_enabled=\u00a0\u00bboff\u00a0\u00bb button_one_border_radius__hover_enabled=\u00a0\u00bboff\u00a0\u00bb button_two_border_radius__hover_enabled=\u00a0\u00bboff\u00a0\u00bb button_one_letter_spacing__hover_enabled=\u00a0\u00bboff\u00a0\u00bb button_two_letter_spacing__hover_enabled=\u00a0\u00bboff\u00a0\u00bb button_one_bg_color__hover_enabled=\u00a0\u00bboff\u00a0\u00bb button_two_bg_color__hover_enabled=\u00a0\u00bboff\u00a0\u00bb][\/gkelmt_built_fullwidth_header][\/gkelmt_built_section][gkelmt_built_section fb_built=\u00a0\u00bb1&Prime; _built_version=\u00a0\u00bb4.16&Prime; custom_padding=\u00a0\u00bb30px|0px|60px|0px\u00a0\u00bb global_colors_info=\u00a0\u00bb{}\u00a0\u00bb][gkelmt_built_row _built_version=\u00a0\u00bb4.16&Prime; global_colors_info=\u00a0\u00bb{}\u00a0\u00bb][gkelmt_built_column type=\u00a0\u00bb4_4&Prime; _built_version=\u00a0\u00bb4.16&Prime; custom_padding=\u00a0\u00bb|||\u00a0\u00bb global_colors_info=\u00a0\u00bb{}\u00a0\u00bb custom_padding__hover=\u00a0\u00bb|||\u00a0\u00bb][gkelmt_built_text _built_version=\u00a0\u00bb4.27.4&Prime; hover_enabled=\u00a0\u00bb0&Prime; global_colors_info=\u00a0\u00bb{}\u00a0\u00bb sticky_enabled=\u00a0\u00bb0&Prime;]<\/p>\n<h2>Qui sommes-nous?<\/h2>\n<p>Le Jardin Robinson et Centre de Rencontres d\u2019Avully\u00a0 (JRCRA), cr\u00e9\u00e9 en 1976, est une association sans but lucratif. C\u2019est un lieu d\u2019accueil ouvert \u00e0 tous les habitants d\u2019Avully et des communes avoisinantes. Il est rattach\u00e9 \u00e0 la FASe (Fondation Genevoise pour l\u2019Animation Socioculturelle). Son action est rendue possible gr\u00e2ce aux subventions cantonales et \u00e0 celles des communes d\u2019Avully, Chancy et de la Champagne.<\/p>\n<p>Le comit\u00e9 de gestion form\u00e9 de b\u00e9n\u00e9voles, \u00e9lus chaque ann\u00e9e par l\u2019Assembl\u00e9e G\u00e9n\u00e9rale, se charge, en \u00e9troite collaboration avec l\u2019\u00e9quipe d\u2019animation, de g\u00e9rer les ressources humaines, financi\u00e8res, immobili\u00e8res ainsi que les orientations du centre.<\/p>\n<p>Le JRCRA accueille enfants et ados de 6 \u00e0 18 ans sous forme d\u2019accueil libre, offrant la possibilit\u00e9 aux usagers d\u2019aller et venir \u00e0 leur convenance en accord avec leurs parents. Dans le but d\u2019encourager l\u2019autonomie, la responsabilisation, la solidarit\u00e9, la cr\u00e9ativit\u00e9, la confiance en soi et le respect.<\/p>\n<p><a href=\"https:\/\/federanim.ch\/wp-content\/uploads\/ressources\/Documentation,%20pratiques%20et%20outils\/Accueil%20libre\/2012_accueil_libre_une_pratique_a_redecouvrir.pdf\" target=\"_blank\" rel=\"noopener\">Plus d\u2019informations sur l\u2019accueil libre ici<\/a><\/p>\n<p>Il est ouvert du lundi au samedi toute l\u2019ann\u00e9e, pendant les vacances de P\u00e2ques et d\u2019octobre.<\/p>\n<p>Le JRCRA offre la possibilit\u00e9 de manger\u00a0le mercredi \u00e0 midi (pour la modique somme de 5.-) et pendant les petites vacances.<\/p>\n<p>Pour les ados le vendredi soir leur est r\u00e9serv\u00e9 avec un repas \u00e9galement (au prix de 2.-).<\/p>\n<p>L\u2019\u00e9t\u00e9 nous proposons des journ\u00e9es a\u00e9r\u00e9es uniquement sur inscription pendant 5 semaines, ainsi qu\u2019un centre a\u00e9r\u00e9 ados sur 2 semaines.<\/p>\n<p>Nous organisons \u00e9galement r\u00e9guli\u00e8rement des <a href=\"https:\/\/jrcravully.ch\/evenements-tous-publics\/\">\u00ab\u00a0\u00e9v\u00e8nements tous publics\u00a0\u00bb<\/a> tout au long de l\u2019ann\u00e9e.<\/p>\n<p>[\/gkelmt_built_text][\/gkelmt_built_column][\/gkelmt_built_row][\/gkelmt_built_section]<\/p>\n","protected":false},"excerpt":{"rendered":"<p>Qui sommes-nous? Le Jardin Robinson et Centre de Rencontres d\u2019Avully\u00a0 (JRCRA), cr\u00e9\u00e9 en 1976, est une association sans but lucratif. C\u2019est un lieu d\u2019accueil ouvert \u00e0 tous les habitants d\u2019Avully et des communes avoisinantes. Il est rattach\u00e9 \u00e0 la FASe (Fondation Genevoise pour l\u2019Animation Socioculturelle). Son action est rendue possible gr\u00e2ce aux subventions cantonales et [&hellip;]<\/p>\n","protected":false},"author":5,"featured_media":0,"parent":0,"menu_order":1,"comment_status":"closed","ping_status":"closed","template":"","meta":{"_gkelmt_built_use_built":"on","_gkelmt_built_old_content":"","_gkelmt_gb_content_width":"","footnotes":""},"class_list":["post-32","page","type-page","status-publish","hentry"],"_links":{"self":[{"href":"https:\/\/jrcravully.ch\/api-json-gk\/wp\/v2\/pages\/32","targetHints":{"allow":["GET"]}}],"collection":[{"href":"https:\/\/jrcravully.ch\/api-json-gk\/wp\/v2\/pages"}],"about":[{"href":"https:\/\/jrcravully.ch\/api-json-gk\/wp\/v2\/types\/page"}],"author":[{"embeddable":true,"href":"https:\/\/jrcravully.ch\/api-json-gk\/wp\/v2\/users\/5"}],"replies":[{"embeddable":true,"href":"https:\/\/jrcravully.ch\/api-json-gk\/wp\/v2\/comments?post=32"}],"version-history":[{"count":1,"href":"https:\/\/jrcravully.ch\/api-json-gk\/wp\/v2\/pages\/32\/revisions"}],"predecessor-version":[{"id":2653,"href":"https:\/\/jrcravully.ch\/api-json-gk\/wp\/v2\/pages\/32\/revisions\/2653"}],"wp:attachment":[{"href":"https:\/\/jrcravully.ch\/api-json-gk\/wp\/v2\/media?parent=32"}],"curies":[{"name":"wp","href":"https:\/\/api.w.org\/{rel}","templated":true}]}}

<p>[gkelmt_built_section fb_built= »1&Prime; fullwidth= »on » _built_version= »4.16&Prime; use_background_color_gradient= »on » background_color_gradient_stops= »#2b87da 0%|#00ffe5 100% » background_color_gradient_end= »#00ffe5&Prime; background_enable_image= »off » custom_padding= »0|0px|0|0px|false|false » background_color_gradient_stops_tablet= »#2b87da 0%|#00ffe5 100% » background_color_gradient_stops_phone= »#2b87da 0%|#00ffe5 100% » global_module= »116&Prime; global_colors_info= »{} »][gkelmt_built_fullwidth_header title= »ASSOCIATION » _built_version= »4.16&Prime; title_font= »moon flower bold|||||||| » title_text_align= »center » title_font_size= »100px » title_line_height= »0em » content_font= »||on|||||| » use_background_color_gradient= »on » background_color_gradient_type= »circular » background_color_gradient_direction_radial= »top left » background_color_gradient_stops= »#2b87da 0%|#30e8d5 100% » background_color_gradient_end= »#30e8d5&Prime; title_font_size_tablet= »50px » title_font_size_phone= »30px » title_font_size_last_edited= »on|phone » title_text_shadow_style= »preset1&Prime; global_colors_info= »{} » button_one_text_size__hover_enabled= »off » button_two_text_size__hover_enabled= »off » button_one_text_color__hover_enabled= »off » button_two_text_color__hover_enabled= »off » button_one_border_width__hover_enabled= »off » button_two_border_width__hover_enabled= »off » button_one_border_color__hover_enabled= »off » button_two_border_color__hover_enabled= »off » button_one_border_radius__hover_enabled= »off » button_two_border_radius__hover_enabled= »off » button_one_letter_spacing__hover_enabled= »off » button_two_letter_spacing__hover_enabled= »off » button_one_bg_color__hover_enabled= »off » button_two_bg_color__hover_enabled= »off »][/gkelmt_built_fullwidth_header][/gkelmt_built_section][gkelmt_built_section fb_built= »1&Prime; _built_version= »4.16&Prime; custom_padding= »30px|0px|60px|0px » global_colors_info= »{} »][gkelmt_built_row _built_version= »4.16&Prime; global_colors_info= »{} »][gkelmt_built_column type= »4_4&Prime; _built_version= »4.16&Prime; custom_padding= »||| » global_colors_info= »{} » custom_padding__hover= »||| »][gkelmt_built_text _built_version= »4.27.4&Prime; hover_enabled= »0&Prime; global_colors_info= »{} » sticky_enabled= »0&Prime;]</p>
<h2>Qui sommes-nous?</h2>
<p>Le Jardin Robinson et Centre de Rencontres d’Avully  (JRCRA), créé en 1976, est une association sans but lucratif. C’est un lieu d’accueil ouvert à tous les habitants d’Avully et des communes avoisinantes. Il est rattaché à la FASe (Fondation Genevoise pour l’Animation Socioculturelle). Son action est rendue possible grâce aux subventions cantonales et à celles des communes d’Avully, Chancy et de la Champagne.</p>
<p>Le comité de gestion formé de bénévoles, élus chaque année par l’Assemblée Générale, se charge, en étroite collaboration avec l’équipe d’animation, de gérer les ressources humaines, financières, immobilières ainsi que les orientations du centre.</p>
<p>Le JRCRA accueille enfants et ados de 6 à 18 ans sous forme d’accueil libre, offrant la possibilité aux usagers d’aller et venir à leur convenance en accord avec leurs parents. Dans le but d’encourager l’autonomie, la responsabilisation, la solidarité, la créativité, la confiance en soi et le respect.</p>
<p><a href="https://federanim.ch/wp-content/uploads/ressources/Documentation,%20pratiques%20et%20outils/Accueil%20libre/2012_accueil_libre_une_pratique_a_redecouvrir.pdf" target="_blank" rel="noopener">Plus d’informations sur l’accueil libre ici</a></p>
<p>Il est ouvert du lundi au samedi toute l’année, pendant les vacances de Pâques et d’octobre.</p>
<p>Le JRCRA offre la possibilité de manger le mercredi à midi (pour la modique somme de 5.-) et pendant les petites vacances.</p>
<p>Pour les ados le vendredi soir leur est réservé avec un repas également (au prix de 2.-).</p>
<p>L’été nous proposons des journées aérées uniquement sur inscription pendant 5 semaines, ainsi qu’un centre aéré ados sur 2 semaines.</p>
<p>Nous organisons également régulièrement des <a href="https://jrcravully.ch/evenements-tous-publics/">« évènements tous publics »</a> tout au long de l’année.</p>
<p>[/gkelmt_built_text][/gkelmt_built_column][/gkelmt_built_row][/gkelmt_built_section]</p>

<p>Qui sommes-nous? Le Jardin Robinson et Centre de Rencontres d’Avully  (JRCRA), créé en 1976, est une association sans but lucratif. C’est un lieu d’accueil ouvert à tous les habitants d’Avully et des communes avoisinantes. Il est rattaché à la FASe (Fondation Genevoise pour l’Animation Socioculturelle). Son action est rendue possible grâce aux subventions cantonales et [&hellip;]</p>
